-i**4/4 - i**3/3 + i**2/2 + 5*i + 3. What is the remainder when 11 is divided by x(z)?
1
Let f be (-12)/2*6/8*8. Let h = 61 + f. What is the remainder when 67 is divided by h?
17
Let z(u) be the second derivative of -u**3/6 + 8*u**2 + 12*u. Let n be z(17). What is the remainder when n*-2*(-214)/(-4) is divided by 27?
26
Let j(i) = 7*i**2 - i + 5. Let r be j(6). Suppose -3*t - 26 = -r. What is the remainder when t is divided by 39?
36
Let z(x) = -x**3 - 6*x**2 + 6*x + 10. Let g be z(-8). Suppose -g = -3*m + m. What is the remainder when m is divided by 15/2*(-56)/(-35)?
9
Let a(d) = d**2 + d + 2. Let p(k) = -k + 1. Let h be p(5). Calculate the remainder when 24 is divided by a(h).
10
Let a(l) = -6*l**2 - 22*l - 14. Let s(c) = -c**2. Let m(r) = a(r) - 5*s(r). What is the remainder when m(-14) is divided by 11?
10
Let m = 34 - 14. Suppose 26 + 6 = 5*d + 4*o, 4*d = 2*o + 10. Suppose 0*a + 2*a - 10 = -2*q, 22 = 2*a - d*q. Calculate the remainder when m is divided by a.
6
Let l(p) = -84*p + 717. What is the remainder when 3283 is divided by l(8)?
43
Suppose -38 = -2*f + 2*p, 2*p = -0*p - 8. Let j = 34 - f. What is the remainder when 36 is divided by j?
17
Suppose -7*u + 3*u = 2*a - 180, -235 = -5*u - 5*a. Calculate the remainder when 85 is divided by u.
42
Let t(y) = -y + 12. Let z be t(9). Suppose d = -z, 9*q - 13*q = 4*d - 36. Calculate the remainder when q is divided by 8.
4
Suppose 0*m + 5*d = 2*m - 73, 81 = 4*m + 3*d. Let h = 37 - m. What is the remainder when h is divided by (-2)/6*-4*(-27 - -30)?
1
What is the remainder when (18/(-4))/(0 - (-48)/(-256)) is divided by 8?
0
What is the remainder when 582 is divided by 125/1 + -2 + -6?
114
Suppose 0*n + 4*k = 4*n - 60, 2*n - 4*k - 32 = 0. Calculate the remainder when 67 is divided by n.
11
Let j(c) = 10 + 2*c**2 - 4*c - c - 2*c + 0*c. Let n be j(5). Suppose -5*a - b + n = 0, 0*a + 3*a = 3*b + 33. What is the remainder when 22 is divided by a?
4
Let h(d) = -d + 1. Let n = 7 + -9. Let p be h(n). Suppose -3*x + p*f = 5 - 74, 110 = 5*x - 4*f. What is the remainder when 33 is divided by x?
15
Suppose -2*m = d - 11 - 29, -3*m = -d + 30. Let i(c) = 4*c**2 + 5*c + 3. What is the remainder when i(6) is divided by d?
33
Let v(z) = -z**3 + 9*z**2 - 6*z - 44. Calculate the remainder when -92*2/(-4) + -3 is divided by v(7).
7
Let x be (-5530)/(-98) + (-6)/14. Suppose 64 + x = 6*h. Calculate the remainder when h is divided by 8.
4
Let b(h) = h**3 + 5*h**2 - 34*h + 2. What is the remainder when 163 is divided by b(4)?
3
Let h be 2 + 2 + -4 + -12. Let v be (-9)/h*4 - -1. Suppose -3*z = -v*z + 4. What is the remainder when 6 is divided by z?
2
Let r(t) = -5*t + 4*t + 2 - 8*t. Suppose -18*m + 21*m = -12, -v + m = -17. Calculate the remainder when r(-4) is divided by v.
12
Suppose -3*m - 516 = -4*x, 13*x + 256 = 15*x - 2*m. What is the remainder when x is divided by 5?
2
Let x = -16 - -45. What is the remainder when (14 + 9/(-18)*18)*(-201)/(-5) is divided by x?
27
Let k(f) = 156*f - 17. Calculate the remainder when k(1) is divided by 20.
19
Let w(c) = -2*c**2 - 8*c - 2. Let f be w(-3). Suppose -4*k = -f*l - 96, -3*k + 13 = -4*l - 63. What is the remainder when k is divided by 7?
6
Suppose 0 = -2*w - 30*w + 192. Let c(f) = -145*f + 1. Let n be c(-1). What is the remainder when n/10 + (-4)/(-10) is divided by w?
3
Suppose 3*c = 4*d - 50, -3 = -d - 9*c + 5*c. Calculate the remainder when 29 is divided by d.
7
What is the remainder when (0/(-3 + 7))/5 - -55 is divided by 27?
1
Suppose 5*z + 11 = 2*d - 14, 3*z + 3*d + 36 = 0. Let j = z - -11. Suppose 0 = -j*k + 5 + 27. Calculate the remainder when 13 is divided by k.
5
Let x = -17 + 21. Let h(r) = -323*r - 3. Let l be h(-1). Suppose 0 = -4*j + 4*i + l, -j = x*j - 3*i - 404. What is the remainder when j is divided by 12?
10
Let w = -14 + 18. Let z(t) = 3*t + t + t**2 + t + w. What is the remainder when 10 is divided by z(-5)?
2
Let m = -2879 - -5312. What is the remainder when m is divided by 14?
11
Let q be -6*(-7 + (-5 - -5)). Suppose -3*u + 51 = -q. What is the remainder when u is divided by 5?
1
Calculate the remainder when 259 is divided by (19*5)/(95/38).
31
Suppose -c + h = -3*c + 137, 0 = -5*c - 5*h + 350. What is the remainder when c is divided by (1635/654)/((-5)/(-68))?
33
Let l(s) = -s**2 - 13*s + 18. Let h be l(-12). Suppose -d - 2*z = -4*d + 16, 5*z = 5*d - h. What is the remainder when d is divided by ((-5)/15)/((-2)/12)?
0
Let g(r) = -209*r - 1 + 102*r + 107*r + 10*r**2. What is the remainder when 17 is divided by g(-1)?
8
Let a = -166 - -140. Let k = -26 + 85. Let w = k + a. Calculate the remainder when w is divided by 9.
6
Let p = 2 + 3. Calculate the remainder when ((-9)/(-7) - 1) + 6424/154 is divided by p.
2
Suppose 0 = a - 2, 12*c + a - 406 = 8*c. What is the remainder when c is divided by 27?
20
Let g(u) = u**2 - 19*u + 89. Calculate the remainder when g(13) is divided by 7.
4
Let s = 69 - -197. What is the remainder when s is divided by 45?
41
Suppose 0 = -0*x - 6*x - 306. Let v = x - -78. What is the remainder when 105 is divided by v?
24
Suppose 226 = 7*u - 4*u + w, 5*u + 5*w - 370 = 0. What is the remainder when u is divided by 28?
20
What is the remainder when 237 is divided by (144/(-189) - 3/(-7))*-156?
29
Suppose 0 = -3*v + 5*s + 391, -8*v + 9*v - s - 127 = 0. Calculate the remainder when v is divided by 12.
2
Let d(o) = 13*o. Let c = -91 + 141. Suppose 3*b + 5 = -4, -c = -2*z + 2*b. What is the remainder when d(5) is divided by z?
21
Let g = 739 + -688. Calculate the remainder when (-2)/(-6) - 908/(-3) is divided by g.
48
Suppose 3687 = 254*r - 251*r. What is the remainder when r is divided by 11?
8
Calculate the remainder when 1*(2404/7 + 100/175) is divided by 114.
2
Let l(d) = 95*d**2 - 10*d - 9. What is the remainder when l(-1) is divided by 50?
46
Let v(y) = -y**3 - 9*y**2 + 8*y - 1. Let c(z) = -2*z**2 + 34*z + 26. Let w be c(18). What is the remainder when 74 is divided by v(w)?
17
Suppose 3*v = 5*b + 32, -v + 6*v + 5*b = 80. Let u be -2*1*(-14)/(-4). Let o(c) = -5*c + 4. Calculate the remainder when o(u) is divided by v.
11
Let o(y) = y**2 - 3*y - 76. Let p be o(11). Let n(v) = v**3 - 12*v**2 + 2*v + 11. What is the remainder when 68 is divided by n(p)?
33
Suppose 0 = 31*d - 6*d - 1450. What is the remainder when d is divided by 8?
2
Let n = -42 - -70. Suppose 0 = 5*x - 3*x - n. Suppose -c = -x - 6. What is the remainder when c is divided by 11?
9
Let v = 7 + -5. Suppose v*a + 126 = 5*a. Calculate the remainder when a is divided by 23.
19
Let b(v) = -v**2 - 15*v - 6. Suppose -4*j + n = 48, -3*n = 5*j + 32 + 28. What is the remainder when b(j) is divided by 8?
6
Calculate the remainder when (-2)/5 + 14724/60 is divided by 19.
17
Let n be (3792/(-18))/(-4) - (-2)/6. Suppose -51 = -m + n. What is the remainder when m is divided by 15?
14
Let q be (1 - (5 + -2)) + 7. Suppose -10*p + 5*u = -6*p - 33, -u = q*p - 34. What is the remainder when 22 is divided by p?
1
Suppose 2*d + 2*d = 8. Suppose 3*t + 0*t = 12, -27 = -5*s + d*t. Suppose -3*k - 5 = -4*k. Calculate the remainder when s is divided by k.
2
Let n be (-6)/((-54)/15)*(5 - 2). Suppose -3*p = -3*l - 27, -10 - n = -p - 5*l. Calculate the remainder when 69 is divided by p.
9
Let m = -685 + 698. Calculate the remainder when 582 is divided by m.
10
Let y = -65 - -68. Suppose 4*a = 5*i - 70, -y*a - 25 = 2*a. Calculate the remainder when 25 is divided by i.
5
What is the remainder when 155 is divided by ((-53)/159)/((-2)/498)?
72
What is the remainder when 50*7*-4*(-8)/64 is divided by 90?
85
Suppose 23*u - 27*u = -148. Calculate the remainder when 147 is divided by u.
36
Let c(t) = -26*t**3 - t**2 - t. Let o be 6/(-9) + 1/(-3). Let r be c(o). Suppose q + q = r. What is the remainder when q is divided by 8?
5
Let z = 31 + -3. Let u be 55 - -1*2/1. Let g = u - z. What is the remainder when g is divided by 8?
5
Let u(a) = -a - 3. Suppose -5*v - 11 = 9. Let b be (v/(-8))/((-1)/12). Calculate the remainder when 9 is divided by u(b).
0
Let k = 40 + -41. Let z(a) = a**3 + 6*a**2 - 5*a + 7. What is the remainder when z(-5) is divided by k + 4 + 6 - -3?
9
Calculate the remainder when 54/72 + 1490/8 is divided by 50.
37
Suppose -5 = -2*z - 1. What is the remainder when z is divided by (90*